{"id":2146,"date":"2020-10-01T08:02:06","date_gmt":"2020-10-01T08:02:06","guid":{"rendered":"https:\/\/www.ggs-richterich.de\/?page_id=2146"},"modified":"2024-08-28T10:26:46","modified_gmt":"2024-08-28T10:26:46","slug":"schulsozialarbeit","status":"publish","type":"page","link":"https:\/\/www.ggs-richterich.de\/index.php\/schulsozialarbeit\/","title":{"rendered":"Schulsozialarbeit"},"content":{"rendered":"<p><a href=\"https:\/\/www.ggs-richterich.de\/index.php\/kontakt-schulsozialarbeit\/\">Kontakt Schulsozialarbeit<\/a><\/p>\n\n\n<p><\/p>\n\n\n\n<p class=\"has-text-align-center has-large-font-size\">Schulsozialarbeit<\/p>\n\n\n\n<p class=\"has-text-align-center has-large-font-size\">an der GGS Richterich mit kath. Teilstandort Horbach<\/p>\n\n\n\n<h2 class=\"wp-block-heading\">Liebe Sch\u00fcler*innen,<\/h2>\n\n\n\n<p class=\"has-small-font-size\">M\u00f6chtest Du einfach mal reden?<\/p>\n\n\n\n<p class=\"has-small-font-size\">Liegt Dir etwas auf dem Herzen?<\/p>\n\n\n\n<p class=\"has-small-font-size\">Hast du Sorgen oder Schwierigkeiten?<\/p>\n\n\n\n<p class=\"has-small-font-size\">St\u00f6rt Dich etwas oder jemand?<\/p>\n\n\n\n<p class=\"has-small-font-size\">Was Dich besch\u00e4ftigt, darfst Du erz\u00e4hlen! Immer!<\/p>\n\n\n\n<p class=\"has-small-font-size\">Rede mit deiner Lehrerin, der Schulsozialarbeiterin Frau Hennes <\/p>\n\n\n\n<p class=\"has-small-font-size\">oder einer anderen erwachsenen Person dar\u00fcber!<\/p>\n\n\n\n<h2 class=\"has-text-align-right wp-block-heading\">Liebe M\u00fctter, liebe V\u00e4ter, liebe Familien,<\/h2>\n\n\n\n<p class=\"has-text-align-right has-small-font-size\">die Grundschulzeit ist eine aufregende und teils auch herausfordernde Zeit f\u00fcr Sie und Ihre Kinder.<\/p>\n\n\n\n<p class=\"has-text-align-right has-small-font-size\">Gerne stehe ich Ihnen bei individuellen Anl\u00e4ssen, Erziehungsfragen<\/p>\n\n\n\n<p class=\"has-text-align-right has-small-font-size\"> oder bei der Vermittlung und Anbahnung anderweitiger Hilfen<\/p>\n\n\n\n<p class=\"has-text-align-right has-small-font-size\"> und Unterst\u00fctzungsleistungen zur Verf\u00fcgung.<\/p>\n\n\n\n\n\n<div class=\"wp-block-group has-small-font-size is-vertical is-content-justification-center is-layout-flex wp-container-core-group-is-layout-4b2eccd6 wp-block-group-is-layout-flex\">\n<p><strong>Weitere (wichtige) Telefon-nummern:<\/strong><\/p>\n\n\n\n<p class=\"has-text-align-left has-small-font-size\" style=\"letter-spacing:px\">Kinderschutz-Hotline Stadt Aachen: 0241\/432-5151 (24h zu erreichen)<\/p>\n\n\n\n<p class=\"has-small-font-size\" style=\"letter-spacing:px\">Kinderschutzbund Aachen: 0241\/949940<\/p>\n\n\n\n<p class=\"has-small-font-size\" style=\"letter-spacing:px\">info@kinderschutzbund-aachen.de<\/p>\n\n\n\n<p class=\"has-small-font-size\" style=\"letter-spacing:px\">Hilfetelefon Gewalt gegen Frauen: 116016<\/p>\n\n\n\n<p class=\"has-small-font-size\" style=\"letter-spacing:px\">Hilfetelefon sexueller Missbrauch: 0800\/2255530<\/p>\n\n\n\n<p class=\"has-small-font-size\" style=\"letter-spacing:px\">Bundesweites Elterntelefon: 0800\/1110550 Frauen helfen Frauen Aachen: 0241\/902416<\/p>\n<\/div>\n\n\n\n<p class=\"has-text-align-left\"><\/p>\n","protected":false},"excerpt":{"rendered":"<p>Kontakt Schulsozialarbeit Schulsozialarbeit an der GGS Richterich mit kath. Teilstandort Horbach Liebe Sch\u00fcler*innen, M\u00f6chtest Du einfach mal reden? Liegt Dir etwas auf dem Herzen? Hast du Sorgen oder Schwierigkeiten? St\u00f6rt Dich etwas oder jemand? Was Dich besch\u00e4ftigt, darfst Du erz\u00e4hlen! Immer! Rede mit deiner Lehrerin, der Schulsozialarbeiterin Frau Hennes oder einer anderen erwachsenen Person dar\u00fcber! [&hellip;]<\/p>\n","protected":false},"author":7,"featured_media":0,"parent":0,"menu_order":0,"comment_status":"closed","ping_status":"closed","template":"","meta":{"footnotes":""},"class_list":["post-2146","page","type-page","status-publish","hentry"],"_links":{"self":[{"href":"https:\/\/www.ggs-richterich.de\/index.php\/wp-json\/wp\/v2\/pages\/2146","targetHints":{"allow":["GET"]}}],"collection":[{"href":"https:\/\/www.ggs-richterich.de\/index.php\/wp-json\/wp\/v2\/pages"}],"about":[{"href":"https:\/\/www.ggs-richterich.de\/index.php\/wp-json\/wp\/v2\/types\/page"}],"author":[{"embeddable":true,"href":"https:\/\/www.ggs-richterich.de\/index.php\/wp-json\/wp\/v2\/users\/7"}],"replies":[{"embeddable":true,"href":"https:\/\/www.ggs-richterich.de\/index.php\/wp-json\/wp\/v2\/comments?post=2146"}],"version-history":[{"count":26,"href":"https:\/\/www.ggs-richterich.de\/index.php\/wp-json\/wp\/v2\/pages\/2146\/revisions"}],"predecessor-version":[{"id":3491,"href":"https:\/\/www.ggs-richterich.de\/index.php\/wp-json\/wp\/v2\/pages\/2146\/revisions\/3491"}],"wp:attachment":[{"href":"https:\/\/www.ggs-richterich.de\/index.php\/wp-json\/wp\/v2\/media?parent=2146"}],"curies":[{"name":"wp","href":"https:\/\/api.w.org\/{rel}","templated":true}]}}